11001001011 (base 2) to base 15.
2d88
What is 4104 (base 5) in base 7?
1354
What is 101220112 (base 3) in base 10?
7952
Convert -21212010 (base 3) to base 5.
-140402
Convert -2699 (base 15) to base 13.
-39a2
What is 5604 (base 7) in base 11?
1570
-24a (base 11) to base 15
-14b
-834 (base 16) to base 11
-163a
17d (base 16) to base 8
575
What is -2203 (base 5) in base 14?
-179
Convert 2557 (base 16) to base 15.
2c74
What is -14717 (base 9) in base 12?
-59a4
What is -434d (base 15) in base 10?
-14248
Convert -3024 (base 5) to base 6.
-1445
Convert -8432 (base 9) to base 10.
-6185
-2254 (base 8) to base 10
-1196
39222 (base 11) to base 4
31231220
183a (base 14) to base 6
32112
Convert 441 (base 15) to base 2.
1111000001
What is -3777 (base 14) in base 8?
-22755
-115 (base 9) to base 7
-164
-1927 (base 12) to base 10
-3055
What is 1abc (base 16) in base 13?
3166
-4a27 (base 11) to base 14
-256b
What is 2313 (base 8) in base 9?
1613
What is -541c (base 16) in base 13?
-9a54
200111111 (base 3) to base 5
412421
-2134 (base 8) to base 14
-59a
Convert -1413430 (base 5) to base 12.
-14b08
What is -167a4 (base 11) in base 9?
-35318
1002102220 (base 3) to base 2
101001111010110
-253 (base 14) to base 16
-1d1
Convert -2104 (base 11) to base 8.
-5343
What is -31102 (base 6) in base 16?
-102e
What is -1150 (base 8) in base 5?
-4431
-554 (base 14) to base 10
-1054
Convert 205a (base 12) to base 10.
3526
What is -22257 (base 8) in base 5?
-300031
What is -1363 (base 8) in base 15?
-355
-109 (base 10) to base 9
-131
Convert -3421 (base 9) to base 13.
-11c8
Convert -203031 (base 6) to base 11.
-11205
-113563 (base 9) to base 12
-33603
What is -8748 (base 9) in base 13?
-2c18
What is -2548 (base 9) in base 8?
-3563
Convert -3681 (base 10) to base 12.
-2169
-95b2 (base 16) to base 9
-57510
What is 2206 (base 7) in base 15?
37a
-330104 (base 5) to base 7
-44612
Convert 264 (base 12) to base 3.
111111
Convert 5b2 (base 14) to base 12.
7a8
What is -1100101010011 (base 2) in base 11?
-4964
What is -260c (base 13) in base 15?
-1915
11110000111 (base 2) to base 12
1147
53a (base 15) to base 16
49c
What is -14922 (base 11) in base 16?
-5256
What is 44c2 (base 16) in base 14?
65b4
53141 (base 7) to base 13
5c78
Convert -6a5 (base 15) to base 11.
-1149
12ac4 (base 14) to base 13
17c53
What is -bc1 (base 14) in base 16?
-915
What is 8632 (base 9) in base 4?
1203023
What is -6662 (base 7) in base 13?
-1124
Convert -532 (base 9) to base 2.
-110110010
Convert -17097 (base 11) to base 7.
-130105
What is -35354 (base 8) in base 7?
-61656
Convert -4280 (base 9) to base 3.
-11022200
What is 1222 (base 6) in base 16?
12e
Convert 2583 (base 10) to base 5.
40313
Convert 4d5 (base 16) to base 13.
742
What is -508a (base 12) in base 3?
-102222221
Convert 11101101 (base 2) to base 8.
355
What is -258a (base 12) in base 8?
-10272
Convert 12024 (base 5) to base 10.
889
What is -51 (base 10) in base 15?
-36
What is 241 (base 8) in base 11?
137
Convert -431 (base 16) to base 15.
-4b8
21465 (base 7) to base 5
133023
Convert 10221430 (base 5) to base 10.
85865
Convert 2222010111 (base 3) to base 8.
162056
What is -1020002201 (base 3) in base 12?
-11b6a
What is f34 (base 16) in base 13?
1a05
What is 387 (base 10) in base 11?
322
Convert 3347 (base 8) to base 15.
7cc
What is -3067 (base 8) in base 3?
-2011221
What is -131221 (base 4) in base 15?
-867
24533 (base 8) to base 5
314322
-72b (base 13) to base 15
-565
Convert -302 (base 7) to base 13.
-b6
Convert 16384 (base 13) to base 9.
64084
What is -100011101 (base 2) in base 10?
-285
What is -210122211 (base 3) in base 9?
-23584
-20404 (base 5) to base 10
-1354
What is 110010101100101 (base 2) in base 16?
6565
86 (base 11) to base 16
5e
4431 (base 8) to base 7
6535
Convert -e1 (base 16) to base 15.
-100
Convert 327 (base 12) to base 13.
298
100010110 (base 2) to base 15
138
-a56 (base 16) to base 5
-41041
Convert 408 (base 10) to base 9.
503
What is 22000210 (base 4) in base 15?
c231
12a (base 16) to base 9
361
Convert 1357 (base 11) to base 6.
12044
Convert 18d (base 16) to base 2.
110001101
What is -2544 (base 7) in base 9?
-1280
84 (base 11) to base 6
232
Convert 210 (base 6) to base 11.
71
What is 4421 (base 6) in base 12?
711
What is -1010002121 (base 3) in base 16?
-55b4
-3932 (base 10) to base 13
-1a36
3 (base 5) to base 7
3
32113013 (base 4) to base 8
162707
What is 1621 (base 8) in base 12?
641
Convert -21000311 (base 4) to base 5.
-2140132
What is 21246 (base 10) in base 16?
52fe
-10243 (base 5) to base 8
-1272
What is 83a1 (base 11) in base 5?
323442
Convert 2012 (base 7) to base 16.
2b7
Convert 53042 (base 6) to base 10.
7154
Convert -6588 (base 10) to base 9.
-10030
-412 (base 12) to base 8
-1116
Convert -51 (base 16) to base 12.
-69
-21012011 (base 3) to base 4
-1101322
Convert -10011100100000 (base 2) to base 15.
-2e7b
-21121 (base 4) to base 15
-2a1
Convert -1011110001010110 (base 2) to base 9.
-73121
Convert 51320 (base 6) to base 13.
3144
Convert -4275 (base 9) to base 16.
-c4a
3032 (base 8) to base 6
11122
-1221100200 (base 3) to base 5
-2210134
What is 3e9 (base 16) in base 13?
5c0
111101100 (base 2) to base 13
2bb
What is 521 (base 14) in base 3?
1101101
Convert 247 (base 14) to base 10.
455
Convert 111102 (base 5) to base 2.
111100111110
What is -a451 (base 11) in base 2?
-11011000011010
What is -22011202 (base 3) in base 15?
-1b75
Convert 1374 (base 9) to base 7.
3013
1053 (base 8) to base 2
1000101011
b76 (base 14) to base 7
6406
What is -1086 (base 15) in base 11?
-26a3
Convert -3724 (base 12) to base 5.
-144340
What is -12502 (base 7) in base 16?
-d06
What is 1362 (base 11) in base 3?
2102021
1450 (base 13) to base 3
11000211
What is 10663 (base 9) in base 16?
1bc0
Convert 1132 (base 9) to base 16.
347
What is e5f (base 16) in base 8?
7137
3312020 (base 4) to base 8
36610
Convert -8a1 (base 11) to base 10.
-1079
Convert -25505 (base 9) to base 2.
-100001100011001
-1088 (base 12) to base 15
-822
-3929 (base 15) to base 8
-27635
1331204 (base 5) to base 14
9c06
-1284 (base 13) to base 15
-bb3
-262012 (base 8) to base 11
-62530
What is -22622 (base 7) in base 5?
-141143
1450 (base 14) to base 11
2781
What is -70a8 (base 16) in base 13?
-10186
What is -1221 (base 3) in base 13?
-40
Convert 320001 (base 5) to base 12.
6196
Convert -3949 (base 10) to base 7.
-14341
-1427 (base 9) to base 6
-4554
-36b (base 13) to base 2
-1001010100
Convert 5130 (base 6) to base 2.
10001101110
-817 (base 12) to base 5
-14141
What is 437c (base 15) in base 10?
14292
What is -5658 (base 15) in base 8?
-43604
Convert 1331312 (base 5) to base 16.
69ca
What is -1564 (base 9) in base 15?
-547
What is -1010010001100 (base 2) in base 5?
-132020
What is 1758 (base 9) in base 14?
6c5
-7424 (base 10) to base 2
-1110100000000
Convert 203 (base 9) to base 15.
b0
-729c (base 16) to base 12
-14b90
-49b2 (base 15) to base 3
-210112012
-1010000 (base 3) to base 7
-2235
What is 7c74 (base 14) in base 8?
52236
-3ab6 (base 15) to base 9
-18180
Convert 17711 (base 10) to base 9.
26258
Convert 31042 (base 6) to base 16.
1022
What is -2108 (base 15) in base 7?
-26234
What is -b72 (base 14) in base 10?
-2256
What is 54020 (base 6) in base 5?
213411
Convert -40010 (base 5) to base 15.
-b20
What is -6c21 (base 13) in base 7?
-62265
What is 782 (base 14) in base 3?
2001001
3773 (base 8) to base 15
913
Convert b76 (base 12) to base 11.
1292
117732 (base 8) to base 10
40922
Convert 1302233 (base 4) to base 9.
11058
Convert 213311 (base 5) to base 4.
1302203
What is -11523 (base 6) in base 7?
-4656
What is -220 (base 15) in base 16?
-1e0
Convert -39a5 (base 12) to base 3.
-100001122
What is -15437 (base 8) in base 4?
-1230133
-1153 (base 14) to base 10
-3013
What is -647 (base 9) in base 4?
-20101
-121 (base 6) to base 14
-37
Convert -6db3 (base 14) to base 15.
-5a2e
-4783 (base 16) to base 5
-1041212
Convert 1000101110110 (base 2) to base 9.
6116
Convert -223033 (base 4) to base 5.
-42032
-1cb (base 16) to base 5
-3314
-10100011100110 (base 2) to base 6
-120250
23220031 (base 4) to base 2
1011101000001101
What is 10001011010110000 (base 2) in base 9?
117771
-152246 (base 7) to base 3
-1111122102
What is 241424 (base 5) in base 4?
2030131
What is -4092 (base 12) in ba